{"id":1112,"date":"2018-03-03T21:12:34","date_gmt":"2018-03-03T20:12:34","guid":{"rendered":"http:\/\/www.lhc-vacances.fr\/blog\/?page_id=1112"},"modified":"2019-06-21T05:48:02","modified_gmt":"2019-06-21T04:48:02","slug":"hyeres-port2","status":"publish","type":"page","link":"https:\/\/www.lhc-vacances.fr\/blog\/bienvenue\/hyeres-port2\/","title":{"rendered":"Studio Hy\u00e8res-Port2 &#8211; 2p \/ piscine"},"content":{"rendered":"<p><a href=\"http:\/\/www.lhc-vacances.fr\/blog\/wp-content\/uploads\/2018\/03\/plan.png\"><img loading=\"lazy\" decoding=\"async\" class=\"alignright wp-image-1141\" src=\"http:\/\/www.lhc-vacances.fr\/blog\/wp-content\/uploads\/2018\/03\/plan-400x300.png\" alt=\"\" width=\"294\" height=\"180\" \/><\/a>Ce studio est id\u00e9al pour les couples \u00e0 la recherche d&rsquo;un h\u00e9bergement \u00e0 la fois <strong>bien situ\u00e9 et abordable<\/strong>.<\/p>\n<p>La proximit\u00e9 du port \u00e0 5 minutes \u00e0 pied comme les plages, et l&rsquo;acc\u00e8s \u00e0 la piscine de la r\u00e9sidence sont appr\u00e9ciables.<\/p>\n<p>La <strong>d\u00e9coration moderne, le bon niveau d&rsquo;\u00e9quipement<\/strong>, et l&rsquo;absence de vis-\u00e0-vis ajoutent au confort.<\/p>\n<p>Plus d\u2019informations, photos et tarifs : <a title=\"T2 \u00e0 Carqueiranne \u00e0 600 m de la mer\" href=\"http:\/\/www.lhc-vacances.fr\/hyeres-port2.php\" target=\"_blank\" rel=\"noopener noreferrer\">www.lhc-vacances.fr<\/a><\/p>\n<div id='gallery-1' class='gallery galleryid-1112 gallery-columns-3 gallery-size-thumbnail'><figure class='gallery-item'>\n\t\t\t<div class='gallery-icon landscape'>\n\t\t\t\t<a href='https:\/\/www.lhc-vacances.fr\/blog\/wp-content\/uploads\/2019\/06\/01_residence-1-e1560155547648.jpg'><img loading=\"lazy\" decoding=\"async\" width=\"160\" height=\"120\" src=\"https:\/\/www.lhc-vacances.fr\/blog\/wp-content\/uploads\/2019\/06\/01_residence-1-160x120.jpg\" class=\"attachment-thumbnail size-thumbnail\" alt=\"\" aria-describedby=\"gallery-1-1302\" srcset=\"https:\/\/www.lhc-vacances.fr\/blog\/wp-content\/uploads\/2019\/06\/01_residence-1-160x120.jpg 160w, https:\/\/www.lhc-vacances.fr\/blog\/wp-content\/uploads\/2019\/06\/01_residence-1-400x300.jpg 400w, https:\/\/www.lhc-vacances.fr\/blog\/wp-content\/uploads\/2019\/06\/01_residence-1-640x480.jpg 640w\" sizes=\"auto, (max-width: 160px) 100vw, 160px\" \/><\/a>\n\t\t\t<\/div>\n\t\t\t\t<figcaption class='wp-caption-text gallery-caption' id='gallery-1-1302'>\n\t\t\t\tBelle piscine 16 m x 10 m \n\t\t\t\t<\/figcaption><\/figure><figure class='gallery-item'>\n\t\t\t<div class='gallery-icon landscape'>\n\t\t\t\t<a href='https:\/\/www.lhc-vacances.fr\/blog\/wp-content\/uploads\/2019\/06\/04_piece-1-e1560155559439.jpg'><img loading=\"lazy\" decoding=\"async\" width=\"160\" height=\"120\" src=\"https:\/\/www.lhc-vacances.fr\/blog\/wp-content\/uploads\/2019\/06\/04_piece-1-160x120.jpg\" class=\"attachment-thumbnail size-thumbnail\" alt=\"\" aria-describedby=\"gallery-1-1305\" srcset=\"https:\/\/www.lhc-vacances.fr\/blog\/wp-content\/uploads\/2019\/06\/04_piece-1-160x120.jpg 160w, https:\/\/www.lhc-vacances.fr\/blog\/wp-content\/uploads\/2019\/06\/04_piece-1-400x300.jpg 400w, https:\/\/www.lhc-vacances.fr\/blog\/wp-content\/uploads\/2019\/06\/04_piece-1-640x480.jpg 640w\" sizes=\"auto, (max-width: 160px) 100vw, 160px\" \/><\/a>\n\t\t\t<\/div>\n\t\t\t\t<figcaption class='wp-caption-text gallery-caption' id='gallery-1-1305'>\n\t\t\t\tVentilateur de plafond\n\t\t\t\t<\/figcaption><\/figure><figure class='gallery-item'>\n\t\t\t<div class='gallery-icon landscape'>\n\t\t\t\t<a href='https:\/\/www.lhc-vacances.fr\/blog\/wp-content\/uploads\/2019\/06\/06_piece-1-e1560155567658.jpg'><img loading=\"lazy\" decoding=\"async\" width=\"160\" height=\"120\" src=\"https:\/\/www.lhc-vacances.fr\/blog\/wp-content\/uploads\/2019\/06\/06_piece-1-160x120.jpg\" class=\"attachment-thumbnail size-thumbnail\" alt=\"\" aria-describedby=\"gallery-1-1307\" srcset=\"https:\/\/www.lhc-vacances.fr\/blog\/wp-content\/uploads\/2019\/06\/06_piece-1-160x120.jpg 160w, https:\/\/www.lhc-vacances.fr\/blog\/wp-content\/uploads\/2019\/06\/06_piece-1-400x300.jpg 400w, https:\/\/www.lhc-vacances.fr\/blog\/wp-content\/uploads\/2019\/06\/06_piece-1-640x480.jpg 640w\" sizes=\"auto, (max-width: 160px) 100vw, 160px\" \/><\/a>\n\t\t\t<\/div>\n\t\t\t\t<figcaption class='wp-caption-text gallery-caption' id='gallery-1-1307'>\n\t\t\t\tCanap\u00e9 convertible de qualit\u00e9\n\t\t\t\t<\/figcaption><\/figure><figure class='gallery-item'>\n\t\t\t<div class='gallery-icon landscape'>\n\t\t\t\t<a href='https:\/\/www.lhc-vacances.fr\/blog\/wp-content\/uploads\/2019\/06\/09_cuisine-e1560155575863.jpg'><img loading=\"lazy\" decoding=\"async\" width=\"160\" height=\"120\" src=\"https:\/\/www.lhc-vacances.fr\/blog\/wp-content\/uploads\/2019\/06\/09_cuisine-160x120.jpg\" class=\"attachment-thumbnail size-thumbnail\" alt=\"\" aria-describedby=\"gallery-1-1309\" srcset=\"https:\/\/www.lhc-vacances.fr\/blog\/wp-content\/uploads\/2019\/06\/09_cuisine-160x120.jpg 160w, https:\/\/www.lhc-vacances.fr\/blog\/wp-content\/uploads\/2019\/06\/09_cuisine-400x300.jpg 400w, https:\/\/www.lhc-vacances.fr\/blog\/wp-content\/uploads\/2019\/06\/09_cuisine-640x480.jpg 640w\" sizes=\"auto, (max-width: 160px) 100vw, 160px\" \/><\/a>\n\t\t\t<\/div>\n\t\t\t\t<figcaption class='wp-caption-text gallery-caption' id='gallery-1-1309'>\n\t\t\t\tCoin cuisine\n\t\t\t\t<\/figcaption><\/figure><figure class='gallery-item'>\n\t\t\t<div class='gallery-icon landscape'>\n\t\t\t\t<a href='https:\/\/www.lhc-vacances.fr\/blog\/wp-content\/uploads\/2019\/06\/08_piece-e1560155585821.jpg'><img loading=\"lazy\" decoding=\"async\" width=\"160\" height=\"120\" src=\"https:\/\/www.lhc-vacances.fr\/blog\/wp-content\/uploads\/2019\/06\/08_piece-160x120.jpg\" class=\"attachment-thumbnail size-thumbnail\" alt=\"\" aria-describedby=\"gallery-1-1308\" srcset=\"https:\/\/www.lhc-vacances.fr\/blog\/wp-content\/uploads\/2019\/06\/08_piece-160x120.jpg 160w, https:\/\/www.lhc-vacances.fr\/blog\/wp-content\/uploads\/2019\/06\/08_piece-400x300.jpg 400w, https:\/\/www.lhc-vacances.fr\/blog\/wp-content\/uploads\/2019\/06\/08_piece-640x480.jpg 640w\" sizes=\"auto, (max-width: 160px) 100vw, 160px\" \/><\/a>\n\t\t\t<\/div>\n\t\t\t\t<figcaption class='wp-caption-text gallery-caption' id='gallery-1-1308'>\n\t\t\t\tD\u00e9coration moderne\n\t\t\t\t<\/figcaption><\/figure><figure class='gallery-item'>\n\t\t\t<div class='gallery-icon landscape'>\n\t\t\t\t<a href='https:\/\/www.lhc-vacances.fr\/blog\/wp-content\/uploads\/2019\/06\/05_piece-1-e1560155595846.jpg'><img loading=\"lazy\" decoding=\"async\" width=\"160\" height=\"120\" src=\"https:\/\/www.lhc-vacances.fr\/blog\/wp-content\/uploads\/2019\/06\/05_piece-1-160x120.jpg\" class=\"attachment-thumbnail size-thumbnail\" alt=\"\" aria-describedby=\"gallery-1-1306\" srcset=\"https:\/\/www.lhc-vacances.fr\/blog\/wp-content\/uploads\/2019\/06\/05_piece-1-160x120.jpg 160w, https:\/\/www.lhc-vacances.fr\/blog\/wp-content\/uploads\/2019\/06\/05_piece-1-400x300.jpg 400w, https:\/\/www.lhc-vacances.fr\/blog\/wp-content\/uploads\/2019\/06\/05_piece-1-640x480.jpg 640w\" sizes=\"auto, (max-width: 160px) 100vw, 160px\" \/><\/a>\n\t\t\t<\/div>\n\t\t\t\t<figcaption class='wp-caption-text gallery-caption' id='gallery-1-1306'>\n\t\t\t\tTV, mini-cha\u00eene, box internet\n\t\t\t\t<\/figcaption><\/figure><figure class='gallery-item'>\n\t\t\t<div class='gallery-icon portrait'>\n\t\t\t\t<a href='https:\/\/www.lhc-vacances.fr\/blog\/wp-content\/uploads\/2019\/06\/10_sdb-e1560155605994.jpg'><img loading=\"lazy\" decoding=\"async\" width=\"160\" height=\"120\" src=\"https:\/\/www.lhc-vacances.fr\/blog\/wp-content\/uploads\/2019\/06\/10_sdb-160x120.jpg\" class=\"attachment-thumbnail size-thumbnail\" alt=\"\" aria-describedby=\"gallery-1-1310\" srcset=\"https:\/\/www.lhc-vacances.fr\/blog\/wp-content\/uploads\/2019\/06\/10_sdb-160x120.jpg 160w, https:\/\/www.lhc-vacances.fr\/blog\/wp-content\/uploads\/2019\/06\/10_sdb-400x300.jpg 400w\" sizes=\"auto, (max-width: 160px) 100vw, 160px\" \/><\/a>\n\t\t\t<\/div>\n\t\t\t\t<figcaption class='wp-caption-text gallery-caption' id='gallery-1-1310'>\n\t\t\t\tSalle d&rsquo;eau\n\t\t\t\t<\/figcaption><\/figure><figure class='gallery-item'>\n\t\t\t<div class='gallery-icon landscape'>\n\t\t\t\t<a href='https:\/\/www.lhc-vacances.fr\/blog\/wp-content\/uploads\/2019\/06\/piscine-e1560155614939.jpg'><img loading=\"lazy\" decoding=\"async\" width=\"160\" height=\"120\" src=\"https:\/\/www.lhc-vacances.fr\/blog\/wp-content\/uploads\/2019\/06\/piscine-160x120.jpg\" class=\"attachment-thumbnail size-thumbnail\" alt=\"\" aria-describedby=\"gallery-1-1312\" srcset=\"https:\/\/www.lhc-vacances.fr\/blog\/wp-content\/uploads\/2019\/06\/piscine-160x120.jpg 160w, https:\/\/www.lhc-vacances.fr\/blog\/wp-content\/uploads\/2019\/06\/piscine-400x300.jpg 400w, https:\/\/www.lhc-vacances.fr\/blog\/wp-content\/uploads\/2019\/06\/piscine-640x480.jpg 640w\" sizes=\"auto, (max-width: 160px) 100vw, 160px\" \/><\/a>\n\t\t\t<\/div>\n\t\t\t\t<figcaption class='wp-caption-text gallery-caption' id='gallery-1-1312'>\n\t\t\t\tPiscine ensoleill\u00e9e\n\t\t\t\t<\/figcaption><\/figure><figure class='gallery-item'>\n\t\t\t<div class='gallery-icon landscape'>\n\t\t\t\t<a href='https:\/\/www.lhc-vacances.fr\/blog\/wp-content\/uploads\/2019\/06\/12_plage-e1560155623503.jpg'><img loading=\"lazy\" decoding=\"async\" width=\"160\" height=\"120\" src=\"https:\/\/www.lhc-vacances.fr\/blog\/wp-content\/uploads\/2019\/06\/12_plage-160x120.jpg\" class=\"attachment-thumbnail size-thumbnail\" alt=\"\" aria-describedby=\"gallery-1-1311\" srcset=\"https:\/\/www.lhc-vacances.fr\/blog\/wp-content\/uploads\/2019\/06\/12_plage-160x120.jpg 160w, https:\/\/www.lhc-vacances.fr\/blog\/wp-content\/uploads\/2019\/06\/12_plage-400x300.jpg 400w, https:\/\/www.lhc-vacances.fr\/blog\/wp-content\/uploads\/2019\/06\/12_plage-640x480.jpg 640w\" sizes=\"auto, (max-width: 160px) 100vw, 160px\" \/><\/a>\n\t\t\t<\/div>\n\t\t\t\t<figcaption class='wp-caption-text gallery-caption' id='gallery-1-1311'>\n\t\t\t\tPlage de l&rsquo;Almanarre\n\t\t\t\t<\/figcaption><\/figure><figure class='gallery-item'>\n\t\t\t<div class='gallery-icon landscape'>\n\t\t\t\t<a href='https:\/\/www.lhc-vacances.fr\/blog\/wp-content\/uploads\/2019\/06\/10_port-e1560155633678.jpg'><img loading=\"lazy\" decoding=\"async\" width=\"160\" height=\"120\" src=\"https:\/\/www.lhc-vacances.fr\/blog\/wp-content\/uploads\/2019\/06\/10_port-160x120.jpg\" class=\"attachment-thumbnail size-thumbnail\" alt=\"\" aria-describedby=\"gallery-1-1313\" srcset=\"https:\/\/www.lhc-vacances.fr\/blog\/wp-content\/uploads\/2019\/06\/10_port-160x120.jpg 160w, https:\/\/www.lhc-vacances.fr\/blog\/wp-content\/uploads\/2019\/06\/10_port-400x300.jpg 400w, https:\/\/www.lhc-vacances.fr\/blog\/wp-content\/uploads\/2019\/06\/10_port-640x480.jpg 640w\" sizes=\"auto, (max-width: 160px) 100vw, 160px\" \/><\/a>\n\t\t\t<\/div>\n\t\t\t\t<figcaption class='wp-caption-text gallery-caption' id='gallery-1-1313'>\n\t\t\t\tPort d&rsquo;Hy\u00e8res \u00e0 350 m\n\t\t\t\t<\/figcaption><\/figure><figure class='gallery-item'>\n\t\t\t<div class='gallery-icon landscape'>\n\t\t\t\t<a href='https:\/\/www.lhc-vacances.fr\/blog\/wp-content\/uploads\/2019\/06\/02_vue-e1560155642566.jpg'><img loading=\"lazy\" decoding=\"async\" width=\"160\" height=\"120\" src=\"https:\/\/www.lhc-vacances.fr\/blog\/wp-content\/uploads\/2019\/06\/02_vue-160x120.jpg\" class=\"attachment-thumbnail size-thumbnail\" alt=\"\" aria-describedby=\"gallery-1-1303\" srcset=\"https:\/\/www.lhc-vacances.fr\/blog\/wp-content\/uploads\/2019\/06\/02_vue-160x120.jpg 160w, https:\/\/www.lhc-vacances.fr\/blog\/wp-content\/uploads\/2019\/06\/02_vue-400x300.jpg 400w, https:\/\/www.lhc-vacances.fr\/blog\/wp-content\/uploads\/2019\/06\/02_vue-640x480.jpg 640w\" sizes=\"auto, (max-width: 160px) 100vw, 160px\" \/><\/a>\n\t\t\t<\/div>\n\t\t\t\t<figcaption class='wp-caption-text gallery-caption' id='gallery-1-1303'>\n\t\t\t\tPas de vis \u00e0 vis\n\t\t\t\t<\/figcaption><\/figure>\n\t\t<\/div>\n\n","protected":false},"excerpt":{"rendered":"<div class=\"mh-excerpt\"><p>Ce studio est id\u00e9al pour les couples \u00e0 la recherche d&rsquo;un h\u00e9bergement \u00e0 la fois bien situ\u00e9 et abordable. La proximit\u00e9 du port \u00e0 5 <a class=\"mh-excerpt-more\" href=\"https:\/\/www.lhc-vacances.fr\/blog\/bienvenue\/hyeres-port2\/\" title=\"Studio Hy\u00e8res-Port2 &#8211; 2p \/ piscine\">[&#8230;]<\/a><\/p>\n<\/div>","protected":false},"author":1,"featured_media":0,"parent":2,"menu_order":0,"comment_status":"closed","ping_status":"closed","template":"","meta":{"footnotes":""},"class_list":["post-1112","page","type-page","status-publish","hentry"],"yoast_head":"<!-- This site is optimized with the Yoast SEO plugin v25.0 - https:\/\/yoast.com\/wordpress\/plugins\/seo\/ -->\n<title>Studio Hy\u00e8res-Port2 - 2p \/ piscine - Le Blog LHC - Plages, nature, sport et d\u00e9couverte<\/title>\n<meta name=\"robots\" content=\"index, follow, max-snippet:-1, max-image-preview:large, max-video-preview:-1\" \/>\n<link rel=\"canonical\" href=\"https:\/\/www.lhc-vacances.fr\/blog\/bienvenue\/hyeres-port2\/\" \/>\n<meta property=\"og:locale\" content=\"fr_FR\" \/>\n<meta property=\"og:type\" content=\"article\" \/>\n<meta property=\"og:title\" content=\"Studio Hy\u00e8res-Port2 - 2p \/ piscine - Le Blog LHC - Plages, nature, sport et d\u00e9couverte\" \/>\n<meta property=\"og:description\" content=\"Ce studio est id\u00e9al pour les couples \u00e0 la recherche d&rsquo;un h\u00e9bergement \u00e0 la fois bien situ\u00e9 et abordable. La proximit\u00e9 du port \u00e0 5 [...]\" \/>\n<meta property=\"og:url\" content=\"https:\/\/www.lhc-vacances.fr\/blog\/bienvenue\/hyeres-port2\/\" \/>\n<meta property=\"og:site_name\" content=\"Le Blog LHC - Plages, nature, sport et d\u00e9couverte\" \/>\n<meta property=\"article:publisher\" content=\"https:\/\/www.facebook.com\/lhcvacances\/\" \/>\n<meta property=\"article:modified_time\" content=\"2019-06-21T04:48:02+00:00\" \/>\n<meta property=\"og:image\" content=\"https:\/\/www.lhc-vacances.fr\/blog\/wp-content\/uploads\/2019\/06\/01_residence-1-160x120.jpg\" \/>\n<meta name=\"twitter:card\" content=\"summary_large_image\" \/>\n<script type=\"application\/ld+json\" class=\"yoast-schema-graph\">{\"@context\":\"https:\/\/schema.org\",\"@graph\":[{\"@type\":\"WebPage\",\"@id\":\"https:\/\/www.lhc-vacances.fr\/blog\/bienvenue\/hyeres-port2\/\",\"url\":\"https:\/\/www.lhc-vacances.fr\/blog\/bienvenue\/hyeres-port2\/\",\"name\":\"Studio Hy\u00e8res-Port2 - 2p \/ piscine - Le Blog LHC - Plages, nature, sport et d\u00e9couverte\",\"isPartOf\":{\"@id\":\"https:\/\/www.lhc-vacances.fr\/blog\/#website\"},\"primaryImageOfPage\":{\"@id\":\"https:\/\/www.lhc-vacances.fr\/blog\/bienvenue\/hyeres-port2\/#primaryimage\"},\"image\":{\"@id\":\"https:\/\/www.lhc-vacances.fr\/blog\/bienvenue\/hyeres-port2\/#primaryimage\"},\"thumbnailUrl\":\"http:\/\/www.lhc-vacances.fr\/blog\/wp-content\/uploads\/2018\/03\/plan-400x300.png\",\"datePublished\":\"2018-03-03T20:12:34+00:00\",\"dateModified\":\"2019-06-21T04:48:02+00:00\",\"breadcrumb\":{\"@id\":\"https:\/\/www.lhc-vacances.fr\/blog\/bienvenue\/hyeres-port2\/#breadcrumb\"},\"inLanguage\":\"fr-FR\",\"potentialAction\":[{\"@type\":\"ReadAction\",\"target\":[\"https:\/\/www.lhc-vacances.fr\/blog\/bienvenue\/hyeres-port2\/\"]}]},{\"@type\":\"ImageObject\",\"inLanguage\":\"fr-FR\",\"@id\":\"https:\/\/www.lhc-vacances.fr\/blog\/bienvenue\/hyeres-port2\/#primaryimage\",\"url\":\"https:\/\/www.lhc-vacances.fr\/blog\/wp-content\/uploads\/2018\/03\/plan.png\",\"contentUrl\":\"https:\/\/www.lhc-vacances.fr\/blog\/wp-content\/uploads\/2018\/03\/plan.png\",\"width\":651,\"height\":399},{\"@type\":\"BreadcrumbList\",\"@id\":\"https:\/\/www.lhc-vacances.fr\/blog\/bienvenue\/hyeres-port2\/#breadcrumb\",\"itemListElement\":[{\"@type\":\"ListItem\",\"position\":1,\"name\":\"Accueil\",\"item\":\"https:\/\/www.lhc-vacances.fr\/blog\/\"},{\"@type\":\"ListItem\",\"position\":2,\"name\":\"Locations\",\"item\":\"https:\/\/www.lhc-vacances.fr\/blog\/bienvenue\/\"},{\"@type\":\"ListItem\",\"position\":3,\"name\":\"Studio Hy\u00e8res-Port2 &#8211; 2p \/ piscine\"}]},{\"@type\":\"WebSite\",\"@id\":\"https:\/\/www.lhc-vacances.fr\/blog\/#website\",\"url\":\"https:\/\/www.lhc-vacances.fr\/blog\/\",\"name\":\"Le Blog LHC - Plages, nature, sport et d\u00e9couverte\",\"description\":\"www.lhc-vacances.fr\",\"publisher\":{\"@id\":\"https:\/\/www.lhc-vacances.fr\/blog\/#organization\"},\"potentialAction\":[{\"@type\":\"SearchAction\",\"target\":{\"@type\":\"EntryPoint\",\"urlTemplate\":\"https:\/\/www.lhc-vacances.fr\/blog\/?s={search_term_string}\"},\"query-input\":{\"@type\":\"PropertyValueSpecification\",\"valueRequired\":true,\"valueName\":\"search_term_string\"}}],\"inLanguage\":\"fr-FR\"},{\"@type\":\"Organization\",\"@id\":\"https:\/\/www.lhc-vacances.fr\/blog\/#organization\",\"name\":\"LHC Vacances\",\"url\":\"https:\/\/www.lhc-vacances.fr\/blog\/\",\"logo\":{\"@type\":\"ImageObject\",\"inLanguage\":\"fr-FR\",\"@id\":\"https:\/\/www.lhc-vacances.fr\/blog\/#\/schema\/logo\/image\/\",\"url\":\"https:\/\/www.lhc-vacances.fr\/blog\/wp-content\/uploads\/2021\/08\/carte-visite.jpg\",\"contentUrl\":\"https:\/\/www.lhc-vacances.fr\/blog\/wp-content\/uploads\/2021\/08\/carte-visite.jpg\",\"width\":722,\"height\":471,\"caption\":\"LHC Vacances\"},\"image\":{\"@id\":\"https:\/\/www.lhc-vacances.fr\/blog\/#\/schema\/logo\/image\/\"},\"sameAs\":[\"https:\/\/www.facebook.com\/lhcvacances\/\"]}]}<\/script>\n<!-- \/ Yoast SEO plugin. -->","yoast_head_json":{"title":"Studio Hy\u00e8res-Port2 - 2p \/ piscine - Le Blog LHC - Plages, nature, sport et d\u00e9couverte","robots":{"index":"index","follow":"follow","max-snippet":"max-snippet:-1","max-image-preview":"max-image-preview:large","max-video-preview":"max-video-preview:-1"},"canonical":"https:\/\/www.lhc-vacances.fr\/blog\/bienvenue\/hyeres-port2\/","og_locale":"fr_FR","og_type":"article","og_title":"Studio Hy\u00e8res-Port2 - 2p \/ piscine - Le Blog LHC - Plages, nature, sport et d\u00e9couverte","og_description":"Ce studio est id\u00e9al pour les couples \u00e0 la recherche d&rsquo;un h\u00e9bergement \u00e0 la fois bien situ\u00e9 et abordable. La proximit\u00e9 du port \u00e0 5 [...]","og_url":"https:\/\/www.lhc-vacances.fr\/blog\/bienvenue\/hyeres-port2\/","og_site_name":"Le Blog LHC - Plages, nature, sport et d\u00e9couverte","article_publisher":"https:\/\/www.facebook.com\/lhcvacances\/","article_modified_time":"2019-06-21T04:48:02+00:00","og_image":[{"url":"https:\/\/www.lhc-vacances.fr\/blog\/wp-content\/uploads\/2019\/06\/01_residence-1-160x120.jpg","type":"","width":"","height":""}],"twitter_card":"summary_large_image","schema":{"@context":"https:\/\/schema.org","@graph":[{"@type":"WebPage","@id":"https:\/\/www.lhc-vacances.fr\/blog\/bienvenue\/hyeres-port2\/","url":"https:\/\/www.lhc-vacances.fr\/blog\/bienvenue\/hyeres-port2\/","name":"Studio Hy\u00e8res-Port2 - 2p \/ piscine - Le Blog LHC - Plages, nature, sport et d\u00e9couverte","isPartOf":{"@id":"https:\/\/www.lhc-vacances.fr\/blog\/#website"},"primaryImageOfPage":{"@id":"https:\/\/www.lhc-vacances.fr\/blog\/bienvenue\/hyeres-port2\/#primaryimage"},"image":{"@id":"https:\/\/www.lhc-vacances.fr\/blog\/bienvenue\/hyeres-port2\/#primaryimage"},"thumbnailUrl":"http:\/\/www.lhc-vacances.fr\/blog\/wp-content\/uploads\/2018\/03\/plan-400x300.png","datePublished":"2018-03-03T20:12:34+00:00","dateModified":"2019-06-21T04:48:02+00:00","breadcrumb":{"@id":"https:\/\/www.lhc-vacances.fr\/blog\/bienvenue\/hyeres-port2\/#breadcrumb"},"inLanguage":"fr-FR","potentialAction":[{"@type":"ReadAction","target":["https:\/\/www.lhc-vacances.fr\/blog\/bienvenue\/hyeres-port2\/"]}]},{"@type":"ImageObject","inLanguage":"fr-FR","@id":"https:\/\/www.lhc-vacances.fr\/blog\/bienvenue\/hyeres-port2\/#primaryimage","url":"https:\/\/www.lhc-vacances.fr\/blog\/wp-content\/uploads\/2018\/03\/plan.png","contentUrl":"https:\/\/www.lhc-vacances.fr\/blog\/wp-content\/uploads\/2018\/03\/plan.png","width":651,"height":399},{"@type":"BreadcrumbList","@id":"https:\/\/www.lhc-vacances.fr\/blog\/bienvenue\/hyeres-port2\/#breadcrumb","itemListElement":[{"@type":"ListItem","position":1,"name":"Accueil","item":"https:\/\/www.lhc-vacances.fr\/blog\/"},{"@type":"ListItem","position":2,"name":"Locations","item":"https:\/\/www.lhc-vacances.fr\/blog\/bienvenue\/"},{"@type":"ListItem","position":3,"name":"Studio Hy\u00e8res-Port2 &#8211; 2p \/ piscine"}]},{"@type":"WebSite","@id":"https:\/\/www.lhc-vacances.fr\/blog\/#website","url":"https:\/\/www.lhc-vacances.fr\/blog\/","name":"Le Blog LHC - Plages, nature, sport et d\u00e9couverte","description":"www.lhc-vacances.fr","publisher":{"@id":"https:\/\/www.lhc-vacances.fr\/blog\/#organization"},"potentialAction":[{"@type":"SearchAction","target":{"@type":"EntryPoint","urlTemplate":"https:\/\/www.lhc-vacances.fr\/blog\/?s={search_term_string}"},"query-input":{"@type":"PropertyValueSpecification","valueRequired":true,"valueName":"search_term_string"}}],"inLanguage":"fr-FR"},{"@type":"Organization","@id":"https:\/\/www.lhc-vacances.fr\/blog\/#organization","name":"LHC Vacances","url":"https:\/\/www.lhc-vacances.fr\/blog\/","logo":{"@type":"ImageObject","inLanguage":"fr-FR","@id":"https:\/\/www.lhc-vacances.fr\/blog\/#\/schema\/logo\/image\/","url":"https:\/\/www.lhc-vacances.fr\/blog\/wp-content\/uploads\/2021\/08\/carte-visite.jpg","contentUrl":"https:\/\/www.lhc-vacances.fr\/blog\/wp-content\/uploads\/2021\/08\/carte-visite.jpg","width":722,"height":471,"caption":"LHC Vacances"},"image":{"@id":"https:\/\/www.lhc-vacances.fr\/blog\/#\/schema\/logo\/image\/"},"sameAs":["https:\/\/www.facebook.com\/lhcvacances\/"]}]}},"_links":{"self":[{"href":"https:\/\/www.lhc-vacances.fr\/blog\/wp-json\/wp\/v2\/pages\/1112","targetHints":{"allow":["GET"]}}],"collection":[{"href":"https:\/\/www.lhc-vacances.fr\/blog\/wp-json\/wp\/v2\/pages"}],"about":[{"href":"https:\/\/www.lhc-vacances.fr\/blog\/wp-json\/wp\/v2\/types\/page"}],"author":[{"embeddable":true,"href":"https:\/\/www.lhc-vacances.fr\/blog\/wp-json\/wp\/v2\/users\/1"}],"replies":[{"embeddable":true,"href":"https:\/\/www.lhc-vacances.fr\/blog\/wp-json\/wp\/v2\/comments?post=1112"}],"version-history":[{"count":26,"href":"https:\/\/www.lhc-vacances.fr\/blog\/wp-json\/wp\/v2\/pages\/1112\/revisions"}],"predecessor-version":[{"id":1390,"href":"https:\/\/www.lhc-vacances.fr\/blog\/wp-json\/wp\/v2\/pages\/1112\/revisions\/1390"}],"up":[{"embeddable":true,"href":"https:\/\/www.lhc-vacances.fr\/blog\/wp-json\/wp\/v2\/pages\/2"}],"wp:attachment":[{"href":"https:\/\/www.lhc-vacances.fr\/blog\/wp-json\/wp\/v2\/media?parent=1112"}],"curies":[{"name":"wp","href":"https:\/\/api.w.org\/{rel}","templated":true}]}}