{"id":402,"date":"2013-11-27T23:39:19","date_gmt":"2013-11-27T22:39:19","guid":{"rendered":"http:\/\/www.lhc-vacances.fr\/blog\/?page_id=402"},"modified":"2019-06-21T05:48:40","modified_gmt":"2019-06-21T04:48:40","slug":"location-carqueiranne","status":"publish","type":"page","link":"https:\/\/www.lhc-vacances.fr\/blog\/bienvenue\/location-carqueiranne\/","title":{"rendered":"T2 \u00e0 Carqueiranne &#8211; 4p"},"content":{"rendered":"<p><a href=\"http:\/\/www.lhc-vacances.fr\/blog\/wp-content\/uploads\/2013\/11\/plan2.png\"><img loading=\"lazy\" decoding=\"async\" class=\"size-full wp-image-390\" src=\"http:\/\/www.lhc-vacances.fr\/blog\/wp-content\/uploads\/2013\/11\/plan2.png\" alt=\"Am\u00e9nagement pour 4 personnes\" width=\"300\" height=\"225\" align=\"right\" srcset=\"https:\/\/www.lhc-vacances.fr\/blog\/wp-content\/uploads\/2013\/11\/plan2-160x120.png 160w, https:\/\/www.lhc-vacances.fr\/blog\/wp-content\/uploads\/2013\/11\/plan2-400x300.png 400w, https:\/\/www.lhc-vacances.fr\/blog\/wp-content\/uploads\/2013\/11\/plan2-640x480.png 640w\" sizes=\"auto, (max-width: 300px) 100vw, 300px\" \/><\/a><br \/>\nDans une r\u00e9sidence calme \u00e0 <strong>600 m de la mer<\/strong>, ce beau T2 dispose d&rsquo;une agr\u00e9able vue mer.<br \/>\nLe village, le port et les plages sont \u00e0 quelques minutes \u00e0 pied, comme la plupart des commerces.<\/p>\n<ul>\n<li>Parking privatif et local \u00e0 v\u00e9los,<\/li>\n<li>Tr\u00e8s bon \u00e9quipement : climatisation, lave-vaisselle, grand r\u00e9frig\u00e9rateur, box internet <img decoding=\"async\" src=\"http:\/\/www.lhc-vacances.fr\/images\/icone_nouveau.png\" \/>&#8230;<\/li>\n<li>Vue d\u00e9gag\u00e9e sur un champ et la presqu&rsquo;\u00eele de Giens,<\/li>\n<\/ul>\n<p>D\u00e9couvrez le charme de ce village proven\u00e7al en toute saison.<br \/>\nPlus d\u2019informations, photos et tarifs : <a title=\"T2 \u00e0 Carqueiranne \u00e0 600 m de la mer\" href=\"http:\/\/www.lhc-vacances.fr\/carqueiranne.php\" target=\"_blank\" rel=\"noopener noreferrer\">www.lhc-vacances.fr<\/a><\/p>\n<div id='gallery-1' class='gallery galleryid-402 gallery-columns-3 gallery-size-thumbnail'><figure class='gallery-item'>\n\t\t\t<div class='gallery-icon landscape'>\n\t\t\t\t<a href='https:\/\/www.lhc-vacances.fr\/blog\/wp-content\/uploads\/2019\/06\/00_vue_mer-e1560152905139.jpg'><img loading=\"lazy\" decoding=\"async\" width=\"160\" height=\"120\" src=\"https:\/\/www.lhc-vacances.fr\/blog\/wp-content\/uploads\/2019\/06\/00_vue_mer-160x120.jpg\" class=\"attachment-thumbnail size-thumbnail\" alt=\"\" aria-describedby=\"gallery-1-1280\" srcset=\"https:\/\/www.lhc-vacances.fr\/blog\/wp-content\/uploads\/2019\/06\/00_vue_mer-160x120.jpg 160w, https:\/\/www.lhc-vacances.fr\/blog\/wp-content\/uploads\/2019\/06\/00_vue_mer-400x300.jpg 400w, https:\/\/www.lhc-vacances.fr\/blog\/wp-content\/uploads\/2019\/06\/00_vue_mer-640x480.jpg 640w\" sizes=\"auto, (max-width: 160px) 100vw, 160px\" \/><\/a>\n\t\t\t<\/div>\n\t\t\t\t<figcaption class='wp-caption-text gallery-caption' id='gallery-1-1280'>\n\t\t\t\tVue mer\n\t\t\t\t<\/figcaption><\/figure><figure class='gallery-item'>\n\t\t\t<div class='gallery-icon landscape'>\n\t\t\t\t<a href='https:\/\/www.lhc-vacances.fr\/blog\/wp-content\/uploads\/2019\/06\/03_terrasse-2-e1560152915147.jpg'><img loading=\"lazy\" decoding=\"async\" width=\"160\" height=\"120\" src=\"https:\/\/www.lhc-vacances.fr\/blog\/wp-content\/uploads\/2019\/06\/03_terrasse-2-160x120.jpg\" class=\"attachment-thumbnail size-thumbnail\" alt=\"\" aria-describedby=\"gallery-1-1281\" srcset=\"https:\/\/www.lhc-vacances.fr\/blog\/wp-content\/uploads\/2019\/06\/03_terrasse-2-160x120.jpg 160w, https:\/\/www.lhc-vacances.fr\/blog\/wp-content\/uploads\/2019\/06\/03_terrasse-2-400x300.jpg 400w, https:\/\/www.lhc-vacances.fr\/blog\/wp-content\/uploads\/2019\/06\/03_terrasse-2-640x480.jpg 640w\" sizes=\"auto, (max-width: 160px) 100vw, 160px\" \/><\/a>\n\t\t\t<\/div>\n\t\t\t\t<figcaption class='wp-caption-text gallery-caption' id='gallery-1-1281'>\n\t\t\t\tTerrasse ensoleill\u00e9e\n\t\t\t\t<\/figcaption><\/figure><figure class='gallery-item'>\n\t\t\t<div class='gallery-icon landscape'>\n\t\t\t\t<a href='https:\/\/www.lhc-vacances.fr\/blog\/wp-content\/uploads\/2019\/06\/04_bas-e1560152923356.jpg'><img loading=\"lazy\" decoding=\"async\" width=\"160\" height=\"120\" src=\"https:\/\/www.lhc-vacances.fr\/blog\/wp-content\/uploads\/2019\/06\/04_bas-160x120.jpg\" class=\"attachment-thumbnail size-thumbnail\" alt=\"\" aria-describedby=\"gallery-1-1282\" srcset=\"https:\/\/www.lhc-vacances.fr\/blog\/wp-content\/uploads\/2019\/06\/04_bas-160x120.jpg 160w, https:\/\/www.lhc-vacances.fr\/blog\/wp-content\/uploads\/2019\/06\/04_bas-400x300.jpg 400w, https:\/\/www.lhc-vacances.fr\/blog\/wp-content\/uploads\/2019\/06\/04_bas-640x480.jpg 640w\" sizes=\"auto, (max-width: 160px) 100vw, 160px\" \/><\/a>\n\t\t\t<\/div>\n\t\t\t\t<figcaption class='wp-caption-text gallery-caption' id='gallery-1-1282'>\n\t\t\t\tPi\u00e8ce principale\n\t\t\t\t<\/figcaption><\/figure><figure class='gallery-item'>\n\t\t\t<div class='gallery-icon landscape'>\n\t\t\t\t<a href='https:\/\/www.lhc-vacances.fr\/blog\/wp-content\/uploads\/2019\/06\/05_bas-e1560152931936.jpg'><img loading=\"lazy\" decoding=\"async\" width=\"160\" height=\"120\" src=\"https:\/\/www.lhc-vacances.fr\/blog\/wp-content\/uploads\/2019\/06\/05_bas-160x120.jpg\" class=\"attachment-thumbnail size-thumbnail\" alt=\"\" aria-describedby=\"gallery-1-1283\" srcset=\"https:\/\/www.lhc-vacances.fr\/blog\/wp-content\/uploads\/2019\/06\/05_bas-160x120.jpg 160w, https:\/\/www.lhc-vacances.fr\/blog\/wp-content\/uploads\/2019\/06\/05_bas-400x300.jpg 400w, https:\/\/www.lhc-vacances.fr\/blog\/wp-content\/uploads\/2019\/06\/05_bas-640x480.jpg 640w\" sizes=\"auto, (max-width: 160px) 100vw, 160px\" \/><\/a>\n\t\t\t<\/div>\n\t\t\t\t<figcaption class='wp-caption-text gallery-caption' id='gallery-1-1283'>\n\t\t\t\tTV, mini-cha\u00eene et box internet\n\t\t\t\t<\/figcaption><\/figure><figure class='gallery-item'>\n\t\t\t<div class='gallery-icon landscape'>\n\t\t\t\t<a href='https:\/\/www.lhc-vacances.fr\/blog\/wp-content\/uploads\/2019\/06\/06_chambre-e1560152941834.jpg'><img loading=\"lazy\" decoding=\"async\" width=\"160\" height=\"120\" src=\"https:\/\/www.lhc-vacances.fr\/blog\/wp-content\/uploads\/2019\/06\/06_chambre-160x120.jpg\" class=\"attachment-thumbnail size-thumbnail\" alt=\"\" aria-describedby=\"gallery-1-1285\" srcset=\"https:\/\/www.lhc-vacances.fr\/blog\/wp-content\/uploads\/2019\/06\/06_chambre-160x120.jpg 160w, https:\/\/www.lhc-vacances.fr\/blog\/wp-content\/uploads\/2019\/06\/06_chambre-400x300.jpg 400w, https:\/\/www.lhc-vacances.fr\/blog\/wp-content\/uploads\/2019\/06\/06_chambre-640x480.jpg 640w\" sizes=\"auto, (max-width: 160px) 100vw, 160px\" \/><\/a>\n\t\t\t<\/div>\n\t\t\t\t<figcaption class='wp-caption-text gallery-caption' id='gallery-1-1285'>\n\t\t\t\tChambre en mezzanine\n\t\t\t\t<\/figcaption><\/figure><figure class='gallery-item'>\n\t\t\t<div class='gallery-icon portrait'>\n\t\t\t\t<a href='https:\/\/www.lhc-vacances.fr\/blog\/wp-content\/uploads\/2019\/06\/07_lits-e1560152955465.jpg'><img loading=\"lazy\" decoding=\"async\" width=\"160\" height=\"120\" src=\"https:\/\/www.lhc-vacances.fr\/blog\/wp-content\/uploads\/2019\/06\/07_lits-160x120.jpg\" class=\"attachment-thumbnail size-thumbnail\" alt=\"\" aria-describedby=\"gallery-1-1286\" srcset=\"https:\/\/www.lhc-vacances.fr\/blog\/wp-content\/uploads\/2019\/06\/07_lits-160x120.jpg 160w, https:\/\/www.lhc-vacances.fr\/blog\/wp-content\/uploads\/2019\/06\/07_lits-400x300.jpg 400w\" sizes=\"auto, (max-width: 160px) 100vw, 160px\" \/><\/a>\n\t\t\t<\/div>\n\t\t\t\t<figcaption class='wp-caption-text gallery-caption' id='gallery-1-1286'>\n\t\t\t\tLits superpos\u00e9s \n\t\t\t\t<\/figcaption><\/figure><figure class='gallery-item'>\n\t\t\t<div class='gallery-icon portrait'>\n\t\t\t\t<a href='https:\/\/www.lhc-vacances.fr\/blog\/wp-content\/uploads\/2019\/06\/08_salledebain-e1560152964874.jpg'><img loading=\"lazy\" decoding=\"async\" width=\"160\" height=\"120\" src=\"https:\/\/www.lhc-vacances.fr\/blog\/wp-content\/uploads\/2019\/06\/08_salledebain-160x120.jpg\" class=\"attachment-thumbnail size-thumbnail\" alt=\"\" aria-describedby=\"gallery-1-1287\" srcset=\"https:\/\/www.lhc-vacances.fr\/blog\/wp-content\/uploads\/2019\/06\/08_salledebain-160x120.jpg 160w, https:\/\/www.lhc-vacances.fr\/blog\/wp-content\/uploads\/2019\/06\/08_salledebain-400x300.jpg 400w\" sizes=\"auto, (max-width: 160px) 100vw, 160px\" \/><\/a>\n\t\t\t<\/div>\n\t\t\t\t<figcaption class='wp-caption-text gallery-caption' id='gallery-1-1287'>\n\t\t\t\tSalle d&rsquo;eau\n\t\t\t\t<\/figcaption><\/figure><figure class='gallery-item'>\n\t\t\t<div class='gallery-icon landscape'>\n\t\t\t\t<a href='https:\/\/www.lhc-vacances.fr\/blog\/wp-content\/uploads\/2019\/06\/10_beaurivage2-e1560152973691.jpg'><img loading=\"lazy\" decoding=\"async\" width=\"160\" height=\"120\" src=\"https:\/\/www.lhc-vacances.fr\/blog\/wp-content\/uploads\/2019\/06\/10_beaurivage2-160x120.jpg\" class=\"attachment-thumbnail size-thumbnail\" alt=\"\" aria-describedby=\"gallery-1-1288\" srcset=\"https:\/\/www.lhc-vacances.fr\/blog\/wp-content\/uploads\/2019\/06\/10_beaurivage2-160x120.jpg 160w, https:\/\/www.lhc-vacances.fr\/blog\/wp-content\/uploads\/2019\/06\/10_beaurivage2-400x300.jpg 400w, https:\/\/www.lhc-vacances.fr\/blog\/wp-content\/uploads\/2019\/06\/10_beaurivage2-640x480.jpg 640w\" sizes=\"auto, (max-width: 160px) 100vw, 160px\" \/><\/a>\n\t\t\t<\/div>\n\t\t\t\t<figcaption class='wp-caption-text gallery-caption' id='gallery-1-1288'>\n\t\t\t\tCriques \u00e0 600m\n\t\t\t\t<\/figcaption><\/figure>\n\t\t<\/div>\n\n","protected":false},"excerpt":{"rendered":"<div class=\"mh-excerpt\"><p>Dans une r\u00e9sidence calme \u00e0 600 m de la mer, ce beau T2 dispose d&rsquo;une agr\u00e9able vue mer. Le village, le port et les plages <a class=\"mh-excerpt-more\" href=\"https:\/\/www.lhc-vacances.fr\/blog\/bienvenue\/location-carqueiranne\/\" title=\"T2 \u00e0 Carqueiranne &#8211; 4p\">[&#8230;]<\/a><\/p>\n<\/div>","protected":false},"author":1,"featured_media":0,"parent":2,"menu_order":0,"comment_status":"open","ping_status":"open","template":"","meta":{"footnotes":""},"class_list":["post-402","page","type-page","status-publish","hentry"],"yoast_head":"<!-- This site is optimized with the Yoast SEO plugin v25.0 - https:\/\/yoast.com\/wordpress\/plugins\/seo\/ -->\n<title>T2 \u00e0 Carqueiranne - 4p - Le Blog LHC - Plages, nature, sport et d\u00e9couverte<\/title>\n<meta name=\"robots\" content=\"index, follow, max-snippet:-1, max-image-preview:large, max-video-preview:-1\" \/>\n<link rel=\"canonical\" href=\"https:\/\/www.lhc-vacances.fr\/blog\/bienvenue\/location-carqueiranne\/\" \/>\n<meta property=\"og:locale\" content=\"fr_FR\" \/>\n<meta property=\"og:type\" content=\"article\" \/>\n<meta property=\"og:title\" content=\"T2 \u00e0 Carqueiranne - 4p - Le Blog LHC - Plages, nature, sport et d\u00e9couverte\" \/>\n<meta property=\"og:description\" content=\"Dans une r\u00e9sidence calme \u00e0 600 m de la mer, ce beau T2 dispose d&rsquo;une agr\u00e9able vue mer. Le village, le port et les plages [...]\" \/>\n<meta property=\"og:url\" content=\"https:\/\/www.lhc-vacances.fr\/blog\/bienvenue\/location-carqueiranne\/\" \/>\n<meta property=\"og:site_name\" content=\"Le Blog LHC - Plages, nature, sport et d\u00e9couverte\" \/>\n<meta property=\"article:publisher\" content=\"https:\/\/www.facebook.com\/lhcvacances\/\" \/>\n<meta property=\"article:modified_time\" content=\"2019-06-21T04:48:40+00:00\" \/>\n<meta property=\"og:image\" content=\"https:\/\/www.lhc-vacances.fr\/blog\/wp-content\/uploads\/2019\/06\/00_vue_mer-160x120.jpg\" \/>\n<meta name=\"twitter:card\" content=\"summary_large_image\" \/>\n<script type=\"application\/ld+json\" class=\"yoast-schema-graph\">{\"@context\":\"https:\/\/schema.org\",\"@graph\":[{\"@type\":\"WebPage\",\"@id\":\"https:\/\/www.lhc-vacances.fr\/blog\/bienvenue\/location-carqueiranne\/\",\"url\":\"https:\/\/www.lhc-vacances.fr\/blog\/bienvenue\/location-carqueiranne\/\",\"name\":\"T2 \u00e0 Carqueiranne - 4p - Le Blog LHC - Plages, nature, sport et d\u00e9couverte\",\"isPartOf\":{\"@id\":\"https:\/\/www.lhc-vacances.fr\/blog\/#website\"},\"primaryImageOfPage\":{\"@id\":\"https:\/\/www.lhc-vacances.fr\/blog\/bienvenue\/location-carqueiranne\/#primaryimage\"},\"image\":{\"@id\":\"https:\/\/www.lhc-vacances.fr\/blog\/bienvenue\/location-carqueiranne\/#primaryimage\"},\"thumbnailUrl\":\"http:\/\/www.lhc-vacances.fr\/blog\/wp-content\/uploads\/2013\/11\/plan2.png\",\"datePublished\":\"2013-11-27T22:39:19+00:00\",\"dateModified\":\"2019-06-21T04:48:40+00:00\",\"breadcrumb\":{\"@id\":\"https:\/\/www.lhc-vacances.fr\/blog\/bienvenue\/location-carqueiranne\/#breadcrumb\"},\"inLanguage\":\"fr-FR\",\"potentialAction\":[{\"@type\":\"ReadAction\",\"target\":[\"https:\/\/www.lhc-vacances.fr\/blog\/bienvenue\/location-carqueiranne\/\"]}]},{\"@type\":\"ImageObject\",\"inLanguage\":\"fr-FR\",\"@id\":\"https:\/\/www.lhc-vacances.fr\/blog\/bienvenue\/location-carqueiranne\/#primaryimage\",\"url\":\"https:\/\/www.lhc-vacances.fr\/blog\/wp-content\/uploads\/2013\/11\/plan2.png\",\"contentUrl\":\"https:\/\/www.lhc-vacances.fr\/blog\/wp-content\/uploads\/2013\/11\/plan2.png\",\"width\":700,\"height\":480,\"caption\":\"Am\u00e9nagement pour 4 personnes\"},{\"@type\":\"BreadcrumbList\",\"@id\":\"https:\/\/www.lhc-vacances.fr\/blog\/bienvenue\/location-carqueiranne\/#breadcrumb\",\"itemListElement\":[{\"@type\":\"ListItem\",\"position\":1,\"name\":\"Accueil\",\"item\":\"https:\/\/www.lhc-vacances.fr\/blog\/\"},{\"@type\":\"ListItem\",\"position\":2,\"name\":\"Locations\",\"item\":\"https:\/\/www.lhc-vacances.fr\/blog\/bienvenue\/\"},{\"@type\":\"ListItem\",\"position\":3,\"name\":\"T2 \u00e0 Carqueiranne &#8211; 4p\"}]},{\"@type\":\"WebSite\",\"@id\":\"https:\/\/www.lhc-vacances.fr\/blog\/#website\",\"url\":\"https:\/\/www.lhc-vacances.fr\/blog\/\",\"name\":\"Le Blog LHC - Plages, nature, sport et d\u00e9couverte\",\"description\":\"www.lhc-vacances.fr\",\"publisher\":{\"@id\":\"https:\/\/www.lhc-vacances.fr\/blog\/#organization\"},\"potentialAction\":[{\"@type\":\"SearchAction\",\"target\":{\"@type\":\"EntryPoint\",\"urlTemplate\":\"https:\/\/www.lhc-vacances.fr\/blog\/?s={search_term_string}\"},\"query-input\":{\"@type\":\"PropertyValueSpecification\",\"valueRequired\":true,\"valueName\":\"search_term_string\"}}],\"inLanguage\":\"fr-FR\"},{\"@type\":\"Organization\",\"@id\":\"https:\/\/www.lhc-vacances.fr\/blog\/#organization\",\"name\":\"LHC Vacances\",\"url\":\"https:\/\/www.lhc-vacances.fr\/blog\/\",\"logo\":{\"@type\":\"ImageObject\",\"inLanguage\":\"fr-FR\",\"@id\":\"https:\/\/www.lhc-vacances.fr\/blog\/#\/schema\/logo\/image\/\",\"url\":\"https:\/\/www.lhc-vacances.fr\/blog\/wp-content\/uploads\/2021\/08\/carte-visite.jpg\",\"contentUrl\":\"https:\/\/www.lhc-vacances.fr\/blog\/wp-content\/uploads\/2021\/08\/carte-visite.jpg\",\"width\":722,\"height\":471,\"caption\":\"LHC Vacances\"},\"image\":{\"@id\":\"https:\/\/www.lhc-vacances.fr\/blog\/#\/schema\/logo\/image\/\"},\"sameAs\":[\"https:\/\/www.facebook.com\/lhcvacances\/\"]}]}<\/script>\n<!-- \/ Yoast SEO plugin. -->","yoast_head_json":{"title":"T2 \u00e0 Carqueiranne - 4p - Le Blog LHC - Plages, nature, sport et d\u00e9couverte","robots":{"index":"index","follow":"follow","max-snippet":"max-snippet:-1","max-image-preview":"max-image-preview:large","max-video-preview":"max-video-preview:-1"},"canonical":"https:\/\/www.lhc-vacances.fr\/blog\/bienvenue\/location-carqueiranne\/","og_locale":"fr_FR","og_type":"article","og_title":"T2 \u00e0 Carqueiranne - 4p - Le Blog LHC - Plages, nature, sport et d\u00e9couverte","og_description":"Dans une r\u00e9sidence calme \u00e0 600 m de la mer, ce beau T2 dispose d&rsquo;une agr\u00e9able vue mer. Le village, le port et les plages [...]","og_url":"https:\/\/www.lhc-vacances.fr\/blog\/bienvenue\/location-carqueiranne\/","og_site_name":"Le Blog LHC - Plages, nature, sport et d\u00e9couverte","article_publisher":"https:\/\/www.facebook.com\/lhcvacances\/","article_modified_time":"2019-06-21T04:48:40+00:00","og_image":[{"url":"https:\/\/www.lhc-vacances.fr\/blog\/wp-content\/uploads\/2019\/06\/00_vue_mer-160x120.jpg","type":"","width":"","height":""}],"twitter_card":"summary_large_image","schema":{"@context":"https:\/\/schema.org","@graph":[{"@type":"WebPage","@id":"https:\/\/www.lhc-vacances.fr\/blog\/bienvenue\/location-carqueiranne\/","url":"https:\/\/www.lhc-vacances.fr\/blog\/bienvenue\/location-carqueiranne\/","name":"T2 \u00e0 Carqueiranne - 4p - Le Blog LHC - Plages, nature, sport et d\u00e9couverte","isPartOf":{"@id":"https:\/\/www.lhc-vacances.fr\/blog\/#website"},"primaryImageOfPage":{"@id":"https:\/\/www.lhc-vacances.fr\/blog\/bienvenue\/location-carqueiranne\/#primaryimage"},"image":{"@id":"https:\/\/www.lhc-vacances.fr\/blog\/bienvenue\/location-carqueiranne\/#primaryimage"},"thumbnailUrl":"http:\/\/www.lhc-vacances.fr\/blog\/wp-content\/uploads\/2013\/11\/plan2.png","datePublished":"2013-11-27T22:39:19+00:00","dateModified":"2019-06-21T04:48:40+00:00","breadcrumb":{"@id":"https:\/\/www.lhc-vacances.fr\/blog\/bienvenue\/location-carqueiranne\/#breadcrumb"},"inLanguage":"fr-FR","potentialAction":[{"@type":"ReadAction","target":["https:\/\/www.lhc-vacances.fr\/blog\/bienvenue\/location-carqueiranne\/"]}]},{"@type":"ImageObject","inLanguage":"fr-FR","@id":"https:\/\/www.lhc-vacances.fr\/blog\/bienvenue\/location-carqueiranne\/#primaryimage","url":"https:\/\/www.lhc-vacances.fr\/blog\/wp-content\/uploads\/2013\/11\/plan2.png","contentUrl":"https:\/\/www.lhc-vacances.fr\/blog\/wp-content\/uploads\/2013\/11\/plan2.png","width":700,"height":480,"caption":"Am\u00e9nagement pour 4 personnes"},{"@type":"BreadcrumbList","@id":"https:\/\/www.lhc-vacances.fr\/blog\/bienvenue\/location-carqueiranne\/#breadcrumb","itemListElement":[{"@type":"ListItem","position":1,"name":"Accueil","item":"https:\/\/www.lhc-vacances.fr\/blog\/"},{"@type":"ListItem","position":2,"name":"Locations","item":"https:\/\/www.lhc-vacances.fr\/blog\/bienvenue\/"},{"@type":"ListItem","position":3,"name":"T2 \u00e0 Carqueiranne &#8211; 4p"}]},{"@type":"WebSite","@id":"https:\/\/www.lhc-vacances.fr\/blog\/#website","url":"https:\/\/www.lhc-vacances.fr\/blog\/","name":"Le Blog LHC - Plages, nature, sport et d\u00e9couverte","description":"www.lhc-vacances.fr","publisher":{"@id":"https:\/\/www.lhc-vacances.fr\/blog\/#organization"},"potentialAction":[{"@type":"SearchAction","target":{"@type":"EntryPoint","urlTemplate":"https:\/\/www.lhc-vacances.fr\/blog\/?s={search_term_string}"},"query-input":{"@type":"PropertyValueSpecification","valueRequired":true,"valueName":"search_term_string"}}],"inLanguage":"fr-FR"},{"@type":"Organization","@id":"https:\/\/www.lhc-vacances.fr\/blog\/#organization","name":"LHC Vacances","url":"https:\/\/www.lhc-vacances.fr\/blog\/","logo":{"@type":"ImageObject","inLanguage":"fr-FR","@id":"https:\/\/www.lhc-vacances.fr\/blog\/#\/schema\/logo\/image\/","url":"https:\/\/www.lhc-vacances.fr\/blog\/wp-content\/uploads\/2021\/08\/carte-visite.jpg","contentUrl":"https:\/\/www.lhc-vacances.fr\/blog\/wp-content\/uploads\/2021\/08\/carte-visite.jpg","width":722,"height":471,"caption":"LHC Vacances"},"image":{"@id":"https:\/\/www.lhc-vacances.fr\/blog\/#\/schema\/logo\/image\/"},"sameAs":["https:\/\/www.facebook.com\/lhcvacances\/"]}]}},"_links":{"self":[{"href":"https:\/\/www.lhc-vacances.fr\/blog\/wp-json\/wp\/v2\/pages\/402","targetHints":{"allow":["GET"]}}],"collection":[{"href":"https:\/\/www.lhc-vacances.fr\/blog\/wp-json\/wp\/v2\/pages"}],"about":[{"href":"https:\/\/www.lhc-vacances.fr\/blog\/wp-json\/wp\/v2\/types\/page"}],"author":[{"embeddable":true,"href":"https:\/\/www.lhc-vacances.fr\/blog\/wp-json\/wp\/v2\/users\/1"}],"replies":[{"embeddable":true,"href":"https:\/\/www.lhc-vacances.fr\/blog\/wp-json\/wp\/v2\/comments?post=402"}],"version-history":[{"count":14,"href":"https:\/\/www.lhc-vacances.fr\/blog\/wp-json\/wp\/v2\/pages\/402\/revisions"}],"predecessor-version":[{"id":1391,"href":"https:\/\/www.lhc-vacances.fr\/blog\/wp-json\/wp\/v2\/pages\/402\/revisions\/1391"}],"up":[{"embeddable":true,"href":"https:\/\/www.lhc-vacances.fr\/blog\/wp-json\/wp\/v2\/pages\/2"}],"wp:attachment":[{"href":"https:\/\/www.lhc-vacances.fr\/blog\/wp-json\/wp\/v2\/media?parent=402"}],"curies":[{"name":"wp","href":"https:\/\/api.w.org\/{rel}","templated":true}]}}